{"id":1763,"date":"2020-07-23T08:57:30","date_gmt":"2020-07-23T06:57:30","guid":{"rendered":"https:\/\/climsom-suisse.ch\/product\/coopad-das-kissen-das-ihren-kopf-kuehl-haelt\/"},"modified":"2020-07-23T08:57:30","modified_gmt":"2020-07-23T06:57:30","slug":"coopad-das-kissen-das-ihren-kopf-kuehl-haelt","status":"publish","type":"product","link":"https:\/\/climsom-suisse.ch\/de\/produkt\/coopad-das-kissen-das-ihren-kopf-kuehl-haelt\/","title":{"rendered":"Coopad &#8211; das Kissen, das Ihren Kopf k\u00fchl h\u00e4lt"},"content":{"rendered":"<p><strong>Halten Sie Ihren Kopf k\u00fchl<\/strong><\/p>\n","protected":false},"excerpt":{"rendered":"<p><strong>Coolpad, halten Sie Ihren Kopf k\u00fchl<\/strong><\/p>\n","protected":false},"featured_media":960,"comment_status":"open","ping_status":"closed","template":"","meta":[],"product_brand":[],"product_cat":[191,195,194],"product_tag":[],"class_list":["post-1763","product","type-product","status-publish","has-post-thumbnail","product_cat-frische","product_cat-neuheiten","product_cat-promotion-de","pa_couleur-blau","pa_couleur-grun","pa_couleur-rose-de","first","instock","taxable","shipping-taxable","purchasable","product-type-variable","has-default-attributes"],"_links":{"self":[{"href":"https:\/\/climsom-suisse.ch\/de\/wp-json\/wp\/v2\/product\/1763","targetHints":{"allow":["GET"]}}],"collection":[{"href":"https:\/\/climsom-suisse.ch\/de\/wp-json\/wp\/v2\/product"}],"about":[{"href":"https:\/\/climsom-suisse.ch\/de\/wp-json\/wp\/v2\/types\/product"}],"replies":[{"embeddable":true,"href":"https:\/\/climsom-suisse.ch\/de\/wp-json\/wp\/v2\/comments?post=1763"}],"wp:featuredmedia":[{"embeddable":true,"href":"https:\/\/climsom-suisse.ch\/de\/wp-json\/wp\/v2\/media\/960"}],"wp:attachment":[{"href":"https:\/\/climsom-suisse.ch\/de\/wp-json\/wp\/v2\/media?parent=1763"}],"wp:term":[{"taxonomy":"product_brand","embeddable":true,"href":"https:\/\/climsom-suisse.ch\/de\/wp-json\/wp\/v2\/product_brand?post=1763"},{"taxonomy":"product_cat","embeddable":true,"href":"https:\/\/climsom-suisse.ch\/de\/wp-json\/wp\/v2\/product_cat?post=1763"},{"taxonomy":"product_tag","embeddable":true,"href":"https:\/\/climsom-suisse.ch\/de\/wp-json\/wp\/v2\/product_tag?post=1763"}],"curies":[{"name":"wp","href":"https:\/\/api.w.org\/{rel}","templated":true}]}}

Coopad &#8211; das Kissen, das Ihren Kopf kühl hält

<p><strong>Halten Sie Ihren Kopf kühl</strong></p>

<p><strong>Coolpad, halten Sie Ihren Kopf kühl</strong></p>
